7
In base 8, what is 24 - 24?
0
In base 10, what is 9 + -51?
-42
In base 8, what is 11 - 31?
-20
In base 3, what is -101 - -21001?
20200
In base 3, what is -11 - -10120?
10102
In base 12, what is 54 + a?
62
In base 13, what is 5 - -34?
39
In base 8, what is 2627 + -4?
2623
In base 7, what is -13 + -4?
-20
In base 9, what is -12 + -144?
-156
In base 5, what is -2 + -1333?
-1340
In base 14, what is -28b - -4?
-287
In base 14, what is 337 - -4?
33b
In base 11, what is -169 + 3?
-166
In base 8, what is 70 + 2?
72
In base 10, what is -18 - -489?
471
In base 8, what is -1747 + 22?
-1725
In base 15, what is -24 - 6?
-2a
In base 7, what is -5 + 223?
215
In base 4, what is 23 - 13121?
-13032
In base 11, what is 11 + -32?
-21
In base 4, what is 213 - 11?
202
In base 11, what is 4 + 105?
109
In base 12, what is 0 - a93?
-a93
In base 14, what is a + -1186?
-117a
In base 10, what is 4 - 950?
-946
In base 15, what is -1 - 14?
-15
In base 5, what is -3 + 11414?
11411
In base 8, what is -3 + -313?
-316
In base 12, what is -5 - 66b?
-674
In base 12, what is -4 + 32b?
327
In base 10, what is 4 + -3989?
-3985
In base 6, what is 11 + -345?
-334
In base 3, what is -11101 + 1?
-11100
In base 7, what is 33 - 3?
30
In base 2, what is 1010 - -11011?
100101
In base 4, what is 2311 + 23?
3000
In base 14, what is -46 - 2?
-48
In base 2, what is -110010011 + 1010?
-110001001
In base 2, what is -110000110000 - 100?
-110000110100
In base 13, what is 3 + 56?
59
In base 11, what is -6 - -25a?
254
In base 7, what is 104 - 3?
101
In base 16, what is c + -63?
-57
In base 2, what is 0 - -1100?
1100
In base 11, what is -1 - 2?
-3
In base 16, what is 1e + 25?
43
In base 6, what is -50 - 5?
-55
In base 8, what is -441 + -4?
-445
In base 3, what is -11210 - -2201?
-2002
In base 13, what is 16bb + -4?
16b7
In base 13, what is -3c3 - -1?
-3c2
In base 14, what is 1 + -346?
-345
In base 16, what is 2 + -2b?
-29
In base 15, what is -6 - 661?
-667
In base 15, what is -3 + -157?
-15a
In base 6, what is -21151 - -4?
-21143
In base 9, what is 45616 - 2?
45614
In base 4, what is -30 - 10?
-100
In base 10, what is 2 - -1470?
1472
In base 13, what is 2c9 + 3?
2cc
In base 7, what is -500 + 1?
-466
In base 12, what is 348 + -5?
343
In base 11, what is -5 - 38?
-42
In base 11, what is -951 + 3?
-949
In base 13, what is -5 + -568?
-570
In base 8, what is -130 + -6?
-136
In base 5, what is 224 - -1?
230
In base 10, what is -14 + -2?
-16
In base 6, what is 2103 + 33?
2140
In base 15, what is 93 - -1?
94
In base 2, what is -10010111100 + -11?
-10010111111
In base 12, what is -15 + 5?
-10
In base 13, what is -2 + -42?
-44
In base 2, what is -11 + 10?
-1
In base 7, what is -5 + -164?
-202
In base 12, what is 4 - 43?
-3b
In base 13, what is 3301 + 2?
3303
In base 13, what is 2 + 3?
5
In base 16, what is -3 + 18b?
188
In base 8, what is 0 - 60?
-60
In base 12, what is -5 + -215?
-21a
In base 8, what is -2 - 33?
-35
In base 8, what is 524 + 30?
554
In base 12, what is -110 - 0?
-110
In base 9, what is -757 - 7?
-765
In base 5, what is -4 + 2100?
2041
In base 12, what is 131 + -12?
11b
In base 13, what is 1c - -14?
33
In base 12, what is 681 + -7?
676
In base 15, what is -21c - 2d?
-24a
In base 11, what is -a77 - 0?
-a77
In base 8, what is -1 + -155?
-156
In base 2, what is -11 + 111010010?
111001111
In base 3, what is 1102 - -111?
1220
In base 3, what is 12 - 110200?
-110111
In base 12, what is -55 + 6?
-4b
In base 8, what is 6 + 35?
43
In base 15, what is 34 - 8?
2b
In base 2, what is -10100110 + 1?
-10100101
In base 12, what is 4 - 47?
-43
In base 12, what is -5 + a6?
a1
In base 6, what is -234 - -13?
-221
In base 3, what is 0 + 11020?
11020
In base 9, what is 5 - 388?
-383
In base 7, what is 3 + -1464?
-1461
In base 3, what is 20210 - -2?
20212
In base 11, what is 108 + 5?
112
In base 2, what is -11111 - 111?
-100110
In base 8, what is -2 + 314?
312
In base 15, what is -318 + 9?
-30e
In base 5, what is -10 - -204?
144
In base 9, what is 0 + -125?
-125
In base 6, what is 111251 - 3?
111244
In base 16, what is 5 - -62a?
62f
In base 6, what is -13 - 1154?
-1211
In base 4, what is -10 + 1031310?
1031300
In base 14, what is -1d + -1?
-20
In base 9, what is -14 - 34?
-48
In base 12, what is -11b2 + -3?
-11b5
In base 6, what is 450 - -112?
1002
In base 11, what is 75 + 44?
109
In base 13, what is 32 + 5?
37
In base 11, what is 145a + -a?
1450
In base 14, what is a56 + 5?
a5b
In base 10, what is -796 - -3?
-793
In base 11, what is -3 - 13?
-16
In base 6, what is 20 + 5?
25
In base 9, what is -1 + 100?
88
In base 9, what is -214 - -4?
-210
In base 9, what is 8 + -33?
-24
In base 6, what is -214445 - -3?
-214442
In base 15, what is -79 + 1?
-78
In base 8, what is 27002 - -2?
27004
In base 10, what is 52 - -5?
57
In base 16, what is 139 + -4?
135
In base 5, what is 10001 + -4?
4442
In base 5, what is -3 - -4431?
4423
In base 12, what is -3 - 489?
-490
In base 8, what is 17735 - -4?
17741
In base 7, what is 0 + -21?
-21
In base 11, what is -46a + 5?
-465
In base 10, what is -602 + -4?
-606
In base 15, what is 5e - c?
52
In base 12, what is -3 + 162b?
1628
In base 5, what is 23 + -304?
-231
In base 16, what is 2 + 1c0?
1c2
In base 10, what is 3 + -35?
-32
In base 7, what is 6 + 136?
145
In base 11, what is -55 - 50?
-a5
In base 10, what is 331 - 3?
328
In base 9, what is 3 - 205?
-202
In base 12, what is 2 - -552?
554
In base 12, what is 5 + 2996?
299b
In base 16, what is 583 + -4?
57f
In base 9, what is 18622 + 1?
18623
In base 16, what is 1bb + -2?
1b9
In base 11, what is -96 - 5?
-a0
In base 4, what is 10 - 13302?
-13232
In base 3, what is -10 - 11020?
-11100
In base 16, what is 26 + 1?
27
In base 13, what is -5 - 329?
-331
In base 5, what is -20121 - 4?
-20130
In base 6, what is -1213 + -5?
-1222
In base 3, what is -2 + -1011?
-1020
In base 12, what is 1 + -b?
-a
In base 16, what is -57e - 0?
-57e
In base 4, what is -2233 - -1320?
-313
In base 8, what is 0 + -147?
-147
In base 6, what is -200 - -23?
-133
In base 14, what is -cd - 18?
-107
In base 9, what is 37 + -143?
-105
In base 10, what is -145 - -34?
-111
In base 2, what is -111100 + -111?
-1000011
In base 2, what is -100011 - 1001?
-101100
In base 8, what is 55 + 526?
603
In base 5, what is 12042 + 1?
12043
In base 12, what is 2 - -1a?
20
In base 4, what is -10 + 22?
12
In base 14, what is 30ba - 0?
30ba
In base 15, what is -1584 - -2?
-1582
In base 11, what is 9 + 1a86?
1a94
In base 16, what is 0 - -264?
264
In base 16, what is -15a + -1?
-15b
In base 3, what is 1222 - 12?
1210
In base 11, what is 57 + 6?
62
In base 4, what is -11120 + 10?
-11110
In base 10, what is 1 - 275?
-274
In base 4, what is -1200 + -1?
-1201
In base 9, what is -1432 - 10?
-1442
In base 7, what is 43 - 203?
-130
In base 7, what is 524 - 32?
462
In base 15, what is 7 - 38?
-31
In base 3, what is 10 + -1120?
-1110
In base 11, what is -225 + 1?
-224
In base 7, what is -631 + 1?
-630
In base 4, what is 112 + -32?
20
In base 4, what is 11 + 1?
12
In base 13, what is -4 - 70?
-74
In base 6, what is -4 - -101?
53
In base 15, what is -1 - 14d?
-14e
In base 12, what is -3 - 5894?
-5897
In base 7, what is -2 - -122?
120
In base 9, what is -5 + 47?
42
In base 4, what is 31302 + -10?
31232
In base 6, what is -3515 + 0?
-3515
In base 14, what is -4989 - 0?
-4989
In base 7, what is -135 + 5?
-130
In base 14, what is 0 + 24?
24
In base 3, what is -2100200 - 1?
-2100201
In base 16, what is 3 - 9?
-6
In base 8, what is -151 + 10?
-141
In base 12, what is a01 + 1?
a02
In base 6, what is 245 - -140?
425
In base 8, what is 1 - -11?
12
In base 16, what is -1bb + -b?
-1c6
In base 14, what is 20a - 1?
209
In base 6, what is -10 + -5?
-15
In base 13, what is -1 - 124?
-125
In base 2, what is -10101010 + 100?
-10100110
In base 16, what is -207d - -1?
-207c
In base 5, what is 304 + -103?
201
In base 13, what is 35 + -2?
33
In base 5, what is -21023 + 3?
-21020
In base 6, what is -10 - -222?
212
In base 3, what is -1 + -2110?
-2111
In base 13, what is 17 - -270?
287
In base 4, what is -12222 + -1?
-12223
In base 10, what is -64 - 30?
-94
In base 6, what is -30 + 1?
-25
In base 2, what is 11 - -1000001?
1000100
In base 4, what is -2010 - -11?
-1333
In base 9, what is -1 - -52?
51
In base 13, what is 9 + -a